 4*r. Suppose 4*s = t + 42. What is the remainder when 21 is divided by s?
9
Let s = 1 + 8. Let x(o) = -2*o + 1. Let g be x(3). Let p = g - -9. Calculate the remainder when s is divided by p.
1
Let x = -50 - -80. Suppose 4*u = 2 + 18. Calculate the remainder when x is divided by 32/u*35/14.
14
Let z(d) = d + 15. Let r(j) = -j**3 + 4*j**2 + 3*j - 5. What is the remainder when r(4) is divided by z(-13)?
1
Let t be (9/(-3) - -10) + -3. What is the remainder when (10/t)/((-1)/(-14)) is divided by 9?
8
Suppose 0 = -4*h - h + 5*k, h - 2*k = -5. Suppose 19 = 2*x + 3*x - d, -h*x = 4*d + 1. Calculate the remainder when (-20)/6*(-12)/5 is divided by x.
2
Let f(i) = i**3 - 5*i**2 - 2*i + 14. Calculate the remainder when f(6) is divided by 5.
3
Let p(d) = d**2 + 3*d + 3. Let r = -8 + 14. Let x be 2/(-6) + 20/r. What is the remainder when 61 is divided by p(x)?
19
Let z = -8 + 8. Suppose 3*g - g - 14 = z. Suppose -2*v - 23 = -3*v + 4*k, -13 = -v + 2*k. Calculate the remainder when g is divided by v.
1
Suppose -5*c = 5*t - 305, -t - 2*t - 2*c + 181 = 0. What is the remainder when 114 is divided by t?
55
Suppose -4*m + 81 = -m + 3*t, 5*m + 3*t = 135. What is the remainder when 105 is divided by m?
24
Let x = 132 + -271. Calculate the remainder when 15/(-10) - x/2 is divided by 23.
22
Let n be (-2*1)/((-5)/40). Suppose 3*l + n = 58. Suppose 123 = 3*j - 3*x, -x + 33 = j + 2*x. What is the remainder when j is divided by l?
11
What is the remainder when -3*((-18)/2 - -2) is divided by ((-1)/(-2))/((-4)/(-48))?
3
Let j(k) = -k**3 - 4*k**2 + 3*k + 3. What is the remainder when -49*(0/(-2) - 1) is divided by j(-5)?
10
Let h(r) = -r + 8. Let z be h(8). Suppose -3*t + 0*t - 33 = z. Let c = 23 + t. Calculate the remainder when 35 is divided by c.
11
Suppose -w = -y + 7 + 2, 3*y - 27 = 2*w. What is the remainder when 123 is divided by y?
6
Let y = -8 + 13. Suppose -3*m = 2*m - y*r - 70, -5*m = -r - 70. Calculate the remainder when 55 is divided by m.
13
Let a(y) = 11*y - y**3 + 7*y**2 - 6 + 5*y**2 - 4*y**2. Calculate the remainder when 34 is divided by a(9).
10
Let s = -12 + 14. Let b = 11 + s. What is the remainder when b is divided by 4?
1
Let k = -112 - -142. What is the remainder when 55 is divided by k?
25
Suppose 0 = -6*s + 4*s + 28. Suppose 4*r - 5*o - 123 = 0, -4*o - 39 = r - 2*r. Calculate the remainder when r is divided by s.
13
Suppose 129 = 4*d + 3*x, 2*x = x - 5. What is the remainder when 71 is divided by d?
35
What is the remainder when 25 is divided by (-1)/1*-5 + 2?
4
Let b(k) = k**2 - 2*k - 1. What is the remainder when ((-1)/3)/((-53)/4134) is divided by b(5)?
12
Suppose -48 = -5*f - 13. Suppose -f = w + 4*a, 5*a = w + 3 - 14. Calculate the remainder when (-1 - 4)*(-7)/w is divided by 9.
8
What is the remainder when 32 is divided by (-3 - -13) + (-2)/(1*-2)?
10
Let r = -113 + 179. Calculate the remainder when r is divided by 4.
2
Let s = 32 + 0. What is the remainder when s is divided by 5?
2
Let a = -153 - -164. Calculate the remainder when 39 is divided by a.
6
Let x(n) = n - 17. Let q be x(8). Let g(s) = s**2 + 7*s - 5. Calculate the remainder when 37 is divided by g(q).
11
Let c(f) = f**2 - 5*f + 9. What is the remainder when 1 - (-31*1 - 2) is divided by c(5)?
7
Let m = 308 + -205. What is the remainder when m is divided by ((-16)/(-14) - 1) + (-5792)/(-224)?
25
Let i(t) = t**3 + 4*t**2 - 2*t - 3. Suppose 5 = 2*l - 1. Suppose 0 = -f - 4*k + 49, -7*f = -2*f + l*k - 177. Calculate the remainder when f is divided by i(-2).
6
Let s = -21 - -31. Let b be (-6)/27 - (-317)/9. Let w = -7 + b. What is the remainder when w is divided by s?
8
Let a(y) = -3*y**3 + y**2 + 3*y + 3. Let f be a(-2). Let o = f + -18. Suppose 3 = u, 3*q - u = 3*u + 24. What is the remainder when q is divided by o?
5
What is the remainder when (-1*12/8)/((-3)/208) is divided by 19?
9
Suppose -3*p + 2*p = -15. Calculate the remainder when p is divided by 2*-1*(-9)/2.
6
Let g(a) be the second derivative of -11*a**5/20 + a**4/12 - a**3/6 - a**2 - 7*a. Calculate the remainder when 42 is divided by g(-1).
9
Let y(j) = -j**3 - 2*j**2 + j - 3. Let h be y(-3). Suppose h*p = 3*c + 12 + 9, 3*p - 29 = c. What is the remainder when p is divided by 6?
5
Let p be 4 + -2 + (0 - 3). Suppose 4*o + o - 41 = -4*s, -3*o + 35 = 5*s. What is the remainder when p - (-10 - (s + -2)) is divided by 6?
5
Let x = 306 - 161. Suppose -2*o + 5*o + 4*h = x, h = 1. Let z = o - 23. What is the remainder when z is divided by 9?
6
Let v(y) = 16*y**2 - 2*y + 1. Let l be (6/(-4) + 3)*-2. What is the remainder when 39 + 2 - (l + 0) is divided by v(1)?
14
Suppose b = 4*b - 15. Calculate the remainder when 15 is divided by b.
0
Let s be -7 + 2/4*2. Let g(v) = v**2 + v. Let f(x) = -13*x**2 - 9*x + 2. Let d(z) = s*g(z) - f(z). What is the remainder when d(2) is divided by 11?
10
Suppose 4*u - 145 = -u. Suppose -3*x + 16 = -8. What is the remainder when u is divided by x?
5
Suppose 3*q - 63 + 18 = -l, 5*l = 2*q + 293. What is the remainder when l is divided by 15?
12
Let y = -9 + 14. Let h = 0 + 3. Suppose -3*s - 10 + h = b, 5*s + 33 = b. What is the remainder when b is divided by y?
3
Let b(u) = 8*u - 27. Calculate the remainder when 23 is divided by b(5).
10
Let s(w) = -6*w - 10. Let r = -16 + 11. What is the remainder when s(r) is divided by 11?
9
Suppose 5*d = -15, -i + 88 = 4*i - d. Calculate the remainder when 48 is divided by i.
14
Let j(l) = 41*l**2 - 2*l - 1. Let r(y) = y - 2. Let p be r(1). Calculate the remainder when j(p) is divided by 15.
12
Suppose -6*o = 19 - 97. What is the remainder when 49 is divided by o?
10
Suppose 140 - 31 = m. Suppose m = 4*t + 9. What is the remainder when t is divided by 14?
11
What is the remainder when (17/(-1))/((-4)/4) is divided by 9?
8
Let n be (-2)/((-24)/(-93))*-4. Suppose -5*y + n = -4*l, -3 + 10 = y - l. What is the remainder when 8 is divided by y?
2
Let k(j) = 5*j**2 - 3*j + 5. Calculate the remainder when k(2) is divided by 7.
5
Calculate the remainder when 21 is divided by (-88)/(-6)*(-12)/(-16).
10
Let z(a) = -6*a + 8. What is the remainder when z(-7) is divided by 13?
11
Suppose 40 = 5*f - f. Suppose 15 = 4*u + 3*b, -3*u + 13 = -0*b + 4*b. Let h(c) = c**2 - 2*c + 3. Calculate the remainder when f is divided by h(u).
4
Let u = -3 + 18. Suppose h = j + 10, -3*j + 0*j + u = 0. What is the remainder when 58 is divided by h?
13
Let a(h) = -h**3 - 7*h**2 - 9*h - 6. Suppose 2*o - 12 = 4*o. Calculate the remainder when 34 is divided by a(o).
10
Suppose 3*q - 36 = 21. Let h(v) be the first derivative of 5*v**2 - 5*v - 1. Calculate the remainder when h(6) is divided by q.
17
Suppose 52*w - 33 = 49*w. Let c = 21 + 10. Calculate the remainder when c is divided by w.
9
Suppose 0 = 11*s - 8*s - 42. What is the remainder when s is divided by 4?
2
Suppose 3*g = x + 6*g - 52, -2*x = 2*g - 84. Let h = 77 - x. What is the remainder when h is divided by 14?
12
Let k = 84 + -60. Let c(i) = -i**3 - 4*i**2 + 2*i - 2. Calculate the remainder when k is divided by c(-5).
11
Suppose 8*t - 52 - 52 = 0. Calculate the remainder when 49 is divided by t.
10
Let u be (-2 + -3)*(-12)/20. Let i(y) = y**2 - 2*y - u + 6 - 4 + 3. What is the remainder when 9 is divided by i(3)?
4
Suppose 4 = -2*b + 4*b. Suppose -b*u + 2*q = 4, 2*q - 22 = -4*u - 0*q. Suppose -m + 52 = u*m. Calculate the remainder when 24 is divided by m.
11
Suppose -4*l - 168 = -2*m, -4*m - l + 2*l = -301. Suppose 0 = -3*t - 3*c + 33, -4*c = t + c + 5. Calculate the remainder when m is divided by t.
14
Let y(l) = -l + 11. Let v be y(10). What is the remainder when ((-6)/9)/((-2)/3) is divided by v + 0 - 0 - 0?
0
Let z = 86 - 40. Let g = 85 - z. What is the remainder when g is divided by 20?
19
Calculate the remainder when (-1 - 1)*516/(-24) is divided by (-45)/(-12)*2*2.
13
Let k be -6 - -24 - (2 + -3). Let r be 1/4 - (-7)/4. Suppose -k + 51 = r*o. Calculate the remainder when 46 is divided by o.
14
Let a = -1 + 38. Calculate the remainder when a is divided by (-63)/(-5) - (-2)/5.
11
Suppose 29 = 2*p - 9. What is the remainder when 36 is divided by p?
17
Suppose -65*q + 45 = -64*q. Calculate the remainder when q is divided by 12.
9
Suppose c = -5*b + 22 - 5, 0 = -2*b - 4*c - 4. Suppose b = 2*t - 74. What is the remainder when t is div